80?
170582
In base 6, what is 11 + 34223?
34234
In base 4, what is 120232030 + 0?
120232030
In base 5, what is -1323143 - 0?
-1323143
In base 11, what is 6600 + -5?
65a6
In base 6, what is -521130 - -30?
-521100
In base 6, what is -3 - -2001224?
2001221
In base 11, what is -6144 - 3?
-6147
In base 9, what is -70838 + 4?
-70834
In base 8, what is 5 + -20210?
-20203
In base 5, what is 1 + -213140?
-213134
In base 14, what is 3 + c4d?
c52
In base 3, what is 101110 - 102210000?
-102101120
In base 12, what is 4 + 8517a?
85182
In base 5, what is 2 + -3312230?
-3312223
In base 10, what is 0 - 3718?
-3718
In base 16, what is 5ec - 324?
2c8
In base 4, what is 11121311 + -10?
11121301
In base 10, what is 274 + -58?
216
In base 3, what is -12 + -2211212111?
-2211212200
In base 5, what is 3110 + -403?
2202
In base 14, what is 13a - -3892?
39cc
In base 10, what is 4808 + -120?
4688
In base 12, what is 762 - 804?
-62
In base 16, what is -bdff + 1?
-bdfe
In base 10, what is -3 + -1221?
-1224
In base 16, what is 1 - -1ba?
1bb
In base 15, what is 2b + -9db?
-9b0
In base 3, what is -12211122101 + 201?
-12211121200
In base 11, what is 1399 + 35?
1423
In base 3, what is -220 - -100010111?
100002121
In base 5, what is -41 + -21301?
-21342
In base 2, what is 1010001011 - -11111?
1010101010
In base 10, what is 28 - -662?
690
In base 13, what is -8c387 + -3?
-8c38a
In base 8, what is -23 - -22151?
22126
In base 6, what is -1 - -13040334?
13040333
In base 9, what is -11005 - -18?
-10876
In base 11, what is -54881 + 45?
-54837
In base 16, what is -4 - 3724?
-3728
In base 2, what is -10101110 + 1000001?
-1101101
In base 12, what is -3 + 382?
37b
In base 13, what is 43 + -1320c?
-13199
In base 12, what is -4 - -287b2?
287aa
In base 13, what is -166493 - -2?
-166491
In base 7, what is 352 - -30452?
31134
In base 10, what is -10 + 34622?
34612
In base 12, what is -bb84 - -39?
-bb47
In base 4, what is -1 + 21023330?
21023323
In base 10, what is 64757 + -5?
64752
In base 4, what is 12 - -11210011?
11210023
In base 3, what is -201110011 + -10?
-201110021
In base 4, what is -33 + 121032?
120333
In base 16, what is 9 - 95d6?
-95cd
In base 2, what is -1011 + 10111111100001?
10111111010110
In base 7, what is -22310 + -30?
-22340
In base 5, what is 11010 + -2323?
3132
In base 10, what is 145 + 174?
319
In base 6, what is -330 + -11521?
-12251
In base 12, what is -13049 - -1a?
-1302b
In base 9, what is -200 + -568?
-768
In base 4, what is -11 - 123033032?
-123033103
In base 16, what is 3 - -86b3?
86b6
In base 11, what is -2524 - 7?
-2530
In base 9, what is -10852 - 10?
-10862
In base 2, what is -101100010100101110 - 101?
-101100010100110011
In base 11, what is 210 + -1475?
-1265
In base 9, what is 1352 + 1218?
2571
In base 2, what is -11000010101011001100 - -10?
-11000010101011001010
In base 8, what is 200255 + -1?
200254
In base 2, what is 111 + 101001010110?
101001011101
In base 4, what is -11 + 1202310?
1202233
In base 16, what is 1867 - -5a?
18c1
In base 11, what is -14997 + 15?
-14982
In base 2, what is 10011101000 + 1000000?
10100101000
In base 16, what is 3 + 12505?
12508
In base 3, what is -121110100 + 0?
-121110100
In base 6, what is 11455144 + -3?
11455141
In base 7, what is -6366 - -253?
-6113
In base 5, what is 3 - -2242244?
2242302
In base 15, what is -d99 + 2?
-d97
In base 11, what is 5 + 170842?
170847
In base 6, what is -134104 - -4?
-134100
In base 9, what is 606287 + -3?
606284
In base 15, what is -2aa5 - -35?
-2a70
In base 15, what is -4 + 44de7?
44de3
In base 7, what is -4542 - -22?
-4520
In base 7, what is -15650 - 12?
-15662
In base 14, what is -1b3 - 86?
-259
In base 5, what is -3 + 44113?
44110
In base 7, what is -10 + -5666026?
-5666036
In base 16, what is b38 + 30?
b68
In base 12, what is 136ab18 + -5?
136ab13
In base 4, what is 1323 - 1202?
121
In base 15, what is -3c15 + -2c?
-3c42
In base 10, what is -2995260 + -4?
-2995264
In base 16, what is 170 + 3e?
1ae
In base 3, what is -1 - -12001120?
12001112
In base 10, what is 3 - 144157?
-144154
In base 13, what is -1032 + -8?
-103a
In base 14, what is 374 + 12?
386
In base 9, what is -215 - -57?
-147
In base 7, what is 20 - -2313216?
2313236
In base 10, what is -3 + -128877?
-128880
In base 5, what is -300432314 + 3?
-300432311
In base 9, what is 5 + -102437?
-102432
In base 16, what is 38 + 39?
71
In base 8, what is 41721 + -363?
41336
In base 5, what is 4 - 1103432?
-1103423
In base 15, what is 46e2d + -5?
46e28
In base 12, what is 5 + -1291a0?
-129197
In base 4, what is 1011 + -13313020?
-13312003
In base 15, what is -197bb5 - -1?
-197bb4
In base 10, what is -2359 - 1072?
-3431
In base 4, what is -2 + -203100330?
-203100332
In base 8, what is -7 + -110450?
-110457
In base 5, what is 214 - -210?
424
In base 15, what is -4 - 57ac1?
-57ac5
In base 3, what is -2020200220 - 112?
-2020201102
In base 14, what is -6 - -15d34?
15d2c
In base 13, what is 5 + -271c?
-2717
In base 11, what is 116 + 135?
250
In base 9, what is 122300 - 0?
122300
In base 5, what is -2334 - -1132?
-1202
In base 6, what is -454 + -1044?
-1542
In base 11, what is 11 + 773?
784
In base 9, what is 81457 + -14?
81443
In base 14, what is 0 - -5db7?
5db7
In base 5, what is 101032 + -1234?
44243
In base 3, what is 1120 + 222201?
1001021
In base 3, what is 1 - 100012002222?
-100012002221
In base 13, what is 630b8 - 14?
630a4
In base 10, what is -52 - -1295?
1243
In base 2, what is -101 + 1110100011101110001?
1110100011101101100
In base 9, what is 6612 + -4?
6607
In base 14, what is 1b83 + -128?
1a59
In base 9, what is -12744 - -1?
-12743
In base 2, what is -1100100011010 - 110?
-1100100100000
In base 8, what is -2150 - 26?
-2176
In base 8, what is -5 - 60377?
-60404
In base 9, what is -6341 + 34?
-6306
In base 4, what is 200331012 - 11?
200331001
In base 13, what is 391a2 + -1?
391a1
In base 3, what is -12101111 + -12?
-12101200
In base 13, what is -5 + -1596a?
-15972
In base 7, what is -1532023 - -5?
-1532015
In base 7, what is -145435 + -135?
-145603
In base 9, what is 22 - 13210?
-13177
In base 9, what is 4681 - -1552?
6343
In base 4, what is 100122 + -30131?
3331
In base 14, what is a023 - 2?
a021
In base 15, what is -5 - -13357?
13352
In base 7, what is -23623 - -106?
-23514
In base 15, what is -1764b4 + -1?
-1764b5
In base 15, what is 4e + 64e?
69d
In base 7, what is 3 + 356415?
356421
In base 12, what is -41a - -36?
-3a4
In base 2, what is 100010101000001100110 - 11?
100010101000001100011
In base 3, what is -1 + -22110120210?
-22110120211
In base 5, what is -32300310 - -3?
-32300302
In base 10, what is -9889 + -4?
-9893
In base 8, what is -11713 - 11?
-11724
In base 2, what is 10110000011100 - 1100?
10110000010000
In base 12, what is 361 - -1a50?
21b1
In base 6, what is 21 + -20053133?
-20053112
In base 2, what is 1100100 + 101000?
10001100
In base 14, what is -3b753 + 3?
-3b750
In base 4, what is 313 + 10322?
11301
In base 12, what is -4423a + 2a?
-44210
In base 16, what is -11 + 1dfa5?
1df94
In base 9, what is -5113 - 0?
-5113
In base 16, what is 22064 - b?
22059
In base 9, what is 0 - -8818?
8818
In base 2, what is -11111110110 + 1001010100?
-10110100010
In base 2, what is 1 - 10101001110011?
-10101001110010
In base 15, what is 17 + -137c?
-1365
In base 11, what is 20 + -19649?
-19629
In base 9, what is 0 + 26145?
26145
In base 6, what is 1343 + 250?
2033
In base 3, what is 10022110 + -2121?
10012212
In base 11, what is 38 + 1648?
1685
In base 15, what is 9b - 130a?
-125e
In base 4, what is 10 - 3202313003?
-3202312333
In base 14, what is 733 + -27?
70a
In base 6, what is -411 + 142405?
141554
In base 9, what is 33437 + 33?
33471
In base 11, what is -19 - -2451?
2433
In base 15, what is -2ec + 2002?
1c05
In base 13, what is 4c5 + -53?
472
In base 14, what is 3c + 2b0d?
2b4b
In base 15, what is 11 - 288aa?
-28899
In base 12, what is -4690 - 2b?
-46bb
In base 12, what is -1045 + -148?
-1191
In base 7, what is 3 - -66345?
66351
In base 3, what is 1 - -10221101?
10221102
In base 7, what is 2640631 + 5?
2640636
In base 4, what is -3 + -30220122?
-30220131
In base 16, what is 6 - -1efa?
1f00
In base 13, what is -3 - 29502?
-29505
In base 4, what is -2 - 21223000?
-21223002
In base 12, what is 1389 - 8?
1381
In base 10, what is 19 + 302?
